 + j. What is the units digit of x(p)?
5
Let o(c) = -130*c - 1264. What is the tens digit of o(-34)?
5
Let w(s) = -34*s**3 - 11*s**2 - 4*s + 4. Let b be w(-4). Suppose 5*y - y - b = 0. Suppose 4*k - y = -k. What is the hundreds digit of k?
1
Suppose -m + 3*q = -24865, -1311 - 98037 = -4*m - 4*q. What is the hundreds digit of m?
8
Let z = 42785 - 29061. What is the hundreds digit of z?
7
Let q = 33 - 35. Let m be (-6 + 6)*q/4. What is the tens digit of m + 0 - (-78 + -10)?
8
Let v be -4*(0 - 212/(-8)). Suppose -676 - 211 = 4*n - 5*t, -5*n = 3*t + 1155. Let l = v - n. What is the units digit of l?
2
Let y(h) = 15 - 12 - 12*h + 27 + 54*h**2 + 13. What is the hundreds digit of y(4)?
8
Suppose -20*f - 11925 = -81954 - 267951. What is the units digit of f?
9
Suppose 27 = 5*g - d + 7, 25 = 4*g + d. What is the hundreds digit of g - -272 - (-8)/1?
2
Let i = 38068 - -11245. What is the ten thousands digit of i?
4
Suppose 3*k = -y + 39632, 0 = -2*k - 39*y + 41*y + 26408. What is the tens digit of k?
0
Suppose 5*l - 10 = -5*j, 0 = -4*j + 2*l - 7 + 21. Suppose -j*k + 0*f + 4*f - 522 = 0, k - 5*f = -185. Let x = 25 - k. What is the hundreds digit of x?
1
Let f = 60 - 66. Let d(r) = -79*r + 11. What is the hundreds digit of d(f)?
4
Suppose 2*v = 5*v - 12. Suppose -v*s = 4*s - 248. Suppose s*o + 684 = 35*o. What is the tens digit of o?
7
Suppose 4*j + 4*k = 12, 4*j + 3*k - 11 + 4 = 0. Let q be (-25)/(-3 + j) + -4. What is the hundreds digit of ((-6)/(-5))/((-6)/(-640)*q)?
1
Let s be 4 + -4 + 2 + 1 + 0. Suppose -66 = -z + 4*w + 1, -s*w - 67 = -z. Let g = z + -46. What is the units digit of g?
1
Suppose 5*j - 6*j - f + 86 = 0, 262 = 3*j + f. What is the hundreds digit of (j/(-66))/(4/(-1218))?
4
Suppose -16 + 16 = -9*o. Suppose 2*r - 3229 = -r - 4*b, -4*r - b + 4314 = o. What is the hundreds digit of r?
0
Suppose -26*s + 133885 = -60933. What is the thousands digit of s?
7
What is the thousands digit of 30/(-45)*((-41954)/4 - -2)?
6
Suppose -3*b + 156 = -3*p, -3*b + 0*b + 15 = 0. Let m be 1*-145 + (-3 + 4 - 5). Let g = p - m. What is the tens digit of g?
0
What is the tens digit of 25164/15 + 564/235?
8
Suppose l - 3*n = -2*n + 9, -4*n = -12. Suppose -3*q - 5*k = -1297 - 486, -l = 3*k. What is the units digit of q?
1
Let i(n) = 1208*n**3 - 7*n**2 + 7*n + 4. What is the tens digit of i(2)?
5
Let h = -18087 - -44207. What is the hundreds digit of h?
1
Let q(n) = -59*n**3 - 3*n**2 - 14*n - 43. What is the hundreds digit of q(-3)?
5
Suppose -q = -6*q + 330. Suppose 2*m + 4*n + q = 0, 0 = -2*m + n - 6*n - 62. Let k = m - -87. What is the tens digit of k?
4
Suppose a - s = 6 - 2, -3*a - 5*s + 20 = 0. Suppose -5*h + 638 = 2*w, 2*w - a*h = -7*h + 632. What is the tens digit of w?
1
Let p be (-1 - -8) + -27*5. What is the hundreds digit of (-54624)/p - 2/(-8)?
4
Suppose 3 = 3*y - 2*r - 0*r, 0 = -2*y + 2*r. Suppose -4*h = -2*m + 1042, 93 = 4*m - y*h - 2006. What is the units digit of m?
7
Let y be 3/(-18)*8*-3. Suppose 2*x + 98 = -y*n, 3*n + 229 = -5*x + 5. Let g = x - -49. What is the units digit of g?
6
What is the tens digit of 10/(180/603)*(-4 - (-76)/1)?
1
Suppose -n + 29 = 25. Suppose 0 = -b + 3 + 2, -4*m + 1716 = n*b. What is the units digit of m?
4
Let u(s) = 37*s**2 - 15*s - 2. Let f(r) = 108 - r**2 - 107 - r + 4*r**2. Let g be f(1). What is the tens digit of u(g)?
8
Let k(h) = -5*h + 4 + 40*h**2 + 15*h - 21*h. What is the units digit of k(4)?
0
Let q = 377 + -336. Let v(y) = 5*y**2 - 3*y + 4. Let w be v(3). Suppose -q*o = -w*o - 29. What is the tens digit of o?
2
What is the tens digit of 119/238 - (0 - (-4179)/(-2))?
9
Let g be 1 + 1 + (-2 - -13). Let w(k) be the first derivative of k**4/4 - 4*k**3 - 2*k**2 - 761. What is the units digit of w(g)?
7
Let a = -5587 + 6246. What is the tens digit of a?
5
Let f = 338 + -338. Suppose -3*i + 4*w + 1487 = f, -4*i + 9*w - 11*w + 1946 = 0. What is the units digit of i?
9
Let g be 63/126*(35 + -1). Suppose 3*t = -k + 2695, 12*t - g*t - 3*k = -4485. What is the tens digit of t?
0
Suppose 1 = 2*o + 7, 0 = -3*p - o + 42. Suppose -4 = -p*d + 13*d. Suppose d*g = -6*g + 456. What is the tens digit of g?
5
Suppose -2*g - 4*r + 42 = 0, 3*g - 2*r = -0*r + 39. Suppose -17 = -4*x + g. What is the units digit of (-2)/x - 586/(-8)?
3
Suppose -3*t = 29*g - 28*g - 132811, -t - 2*g = -44257. What is the tens digit of t?
7
Suppose 45*v - 1280799 = 383346. What is the ten thousands digit of v?
3
Let j = 4440 + 450. Let g = -3183 + j. What is the thousands digit of g?
1
Let l = -133 + 138. Suppose 0 = -3*c - 6, -n + 3*c = 4*c - 710. Suppose -6*o - 138 = -m - 4*o, -l*m - o + n = 0. What is the hundreds digit of m?
1
Let t be ((-507)/429)/(2/(-11)) + 2/4. Suppose 4*a + 12 = 5*d, -5*d = a + a + 6. Suppose t*p - 367 - 284 = d. What is the units digit of p?
3
Let t(s) = -10*s**2 + 58*s - 72. Let y(p) = 3*p**2 - 19*p + 24. Let i(b) = 2*t(b) + 7*y(b). Let h be i(18). What is the units digit of (-2 + h/(-9))*105/(-10)?
0
Suppose 5*p + 0*p + 4*q = -6, -3*p + 3*q = 9. What is the hundreds digit of -3*6651/(-54) + (-3)/p?
3
Suppose 5*u - w - 361 = 0, 486*w - 487*w = 1. What is the tens digit of u?
7
Let x = -70 + 70. Suppose x = -2*p - 3*y + 751, 248 - 620 = -p + 2*y. What is the units digit of p?
4
Suppose -72*g + 860 = -52*g. Suppose 0 = 4*b + g - 435. What is the units digit of b?
8
What is the ten thousands digit of (-12)/12 - -51573*(-18)/(-27)?
3
Let m be 984/(-10) + 13 + 189/(-15). Let s = 13 - m. What is the units digit of s?
1
Suppose 0*p + 5*p + 4*v = 39, 0 = -4*p - v + 29. Suppose 5*j - 209 = -p*u + 6*u, 5*j - 2*u = 212. What is the tens digit of j?
4
Suppose 74*s - 31377 - 599 = -1710. What is the hundreds digit of s?
4
Let b = -5860 + 14670. What is the thousands digit of b?
8
Suppose 3*t + 4*q = 40201, -14*q - 66994 = -5*t - 13*q. What is the ten thousands digit of t?
1
Let u(v) = 5*v**2 + 50*v + 4. Let h be u(-7). Let j = 240 - h. What is the units digit of j?
1
Suppose -2*t = 30 - 22, 4*j + 3*t - 49128 = 0. What is the thousands digit of j?
2
Let b(o) = 55 + 0*o**3 + o**2 + o**2 - 40 - 5*o - 3*o**2 + 3*o**3. What is the tens digit of b(4)?
7
Suppose 5*h = -6*g + 3*g + 59, -h + 1 = -3*g. Suppose -5*f = -h*f + 1325. What is the hundreds digit of f?
2
Let k = 8137 + -4730. What is the thousands digit of k?
3
What is the tens digit of (-42058)/(-4) - (-51)/(-34)?
1
Let b be 0*(-2)/(-6)*1. Let z(q) = -1. Let a(m) = m - 97. Let k(u) = -a(u) - 2*z(u). What is the tens digit of k(b)?
9
Let v = 5145 + -3071. Let f = -1344 + v. What is the hundreds digit of f?
7
Let n(d) = 7581*d**2 + 115*d + 332. What is the tens digit of n(-3)?
1
Suppose 26*f - 292 + 84 = 0. Suppose -5740 = -4*i - q, 0 = f*q - 9*q. What is the units digit of i?
5
Suppose 270 = -66*w + 72*w. Suppose -345 = 42*a - w*a. What is the hundreds digit of a?
1
Let j = -33199 + 74417. What is the tens digit of j?
1
Let l(u) = 4*u**3 - 6*u + 6. Let z be l(3). Suppose -z = -2*o + 382. What is the hundreds digit of o?
2
Suppose 2*o + 3*a = 23 + 1321, -5*o + 3*a = -3339. Suppose -5*m + o = 2*g, 5*g = 3*m + 1626 - 31. What is the units digit of g?
2
Suppose 11*j = 15*j - 3*n - 479, -2*n - 590 = -5*j. What is the thousands digit of 120 - j - (-1084 + 1)?
1
Let a(x) = 2*x**2 - 57*x - 115. What is the tens digit of a(68)?
5
Let a = 85 + 638. Let b = 117 + -119. What is the tens digit of 1*a/3 + b?
3
Let g(m) = -193*m - 516. What is the units digit of g(-3)?
3
Let r = 726 + -613. Suppose -4*f - 3*h + r + 56 = 0, 5*h = 2*f - 91. What is the tens digit of f?
4
Suppose -44 = -h + 2*t + 92, 560 = 4*h - 4*t. Let u = h - 134. Suppose -5*x - 513 = -2*y + 80, 0 = 2*x + u. What is the tens digit of y?
8
Let s = -4079 - -6035. What is the thousands digit of s?
1
Suppose 179*k + 506*k - 63859810 = 0. What is the hundreds digit of k?
2
Suppose 177*f = 171*f + 24. Suppose -2668 = -f*u + 4*z, 30*u - 1343 = 28*u + 5*z. What is the units digit of u?
4
Suppose 102 = -4*y - f - 84, -2*y - 3*f - 88 = 0. Let r = 51 + y. Suppose 0 = -4*x - 4*l + 139 + 389, 4*l = r*x - 512. What is the units digit of x?
0
Let f(o) = 437*o**2 - 17*o - 6. Let b(p) = -438*p**2 + 18*p + 8. Let d(m) = 3*b(m) + 4*f(m). What is the hundreds digit of d(1)?
4
Let v be (23 - 22) + -22 + 0. What is the units digit of 6/(-2)*(1883/v + 3)?